810, -h = -o + 4*p. What is the units digit of o?
2
Suppose 115475 = -26*a + 73*a + 6012. What is the tens digit of a?
2
What is the tens digit of (-174)/(-2349) + ((-1750190)/(-27))/2?
1
Let y(j) = -j**2 + 6*j - 3. Let c(l) = l**3 + 8*l**2 - 9*l + 5. Let s be c(-9). Let m be y(s). Suppose 0 = -0*z - m*z + 78. What is the tens digit of z?
3
Let k = 46 + -42. Suppose 0 = -k*q - n + 77, 2*q + n = 7*q - 85. Suppose -p = 2*p - q. What is the units digit of p?
6
Let z = 40 - 22. Suppose z + 187 = -5*k. Let t = 47 + k. What is the units digit of t?
6
Suppose 3*z - 374 - 1681 = 0. Suppose -4*r + 568 = -o, 0 = -5*r + 8*o - 13*o + z. What is the hundreds digit of r?
1
Suppose 0 = -41*o + 102066 + 72512. What is the units digit of o?
8
Let h(x) = -2*x - 25. Let k be h(-14). Suppose -2*n - k*n - p - 44 = 0, p = -3*n - 26. Let t = 19 + n. What is the tens digit of t?
1
Let u be (-226)/(4 - (-6)/(-3)) + -3. Let z be 8/(-24) + (-10)/6 - u. Suppose g = 4*g + 3, -a = 3*g - z. What is the units digit of a?
7
Let v be (-91 - -1) + 0/(-4). Let b(i) = 3*i**2 + 19*i + 27. Let g be b(-6). What is the units digit of (-561)/(-21) - (v/g - -4)?
7
Suppose -12 = -4*p, 2*p + 11765 = -15*y + 16*y. What is the tens digit of y?
7
Let b be (28/8)/(-7) + (-426)/(-4). Suppose -2*l = -b - 18. Suppose -l*g - 144 = -64*g. What is the tens digit of g?
7
Suppose -g = 4*i - 6*g - 3890, 5*i - 4867 = 4*g. Suppose 5*h - 2515 = i. What is the hundreds digit of h?
6
Let d(u) = 2198*u**2 - 271*u + 1061. What is the ten thousands digit of d(4)?
3
Suppose -10*p - 24 + 64 = 0. Suppose -p*r - 16 = 0, 5*n = -r - 259 - 235. Let c = -27 - n. What is the units digit of c?
1
Let d be (-16)/(-96) + (-934)/(-12). Suppose d*r - 83*r + 980 = 0. What is the units digit of r?
6
Suppose -k - 46170 = -4*w, 5*w + 3*k - 9931 = 47756. What is the hundreds digit of w?
5
Let v(f) = -f**2 - 4*f - 1. Let d be v(6). Suppose 3*h + 2*c = 4*c - 302, 4*c + 20 = 0. Let s = d - h. What is the tens digit of s?
4
Suppose 42*i + 41*i - 79*i = 35212. What is the hundreds digit of i?
8
Suppose 5*n - 68*o - 108046 = -70*o, -6 = 3*o. What is the ten thousands digit of n?
2
Let k be (-302)/6 + (-3)/(-9). Suppose -8*q + 3546 = 2394. Let u = k + q. What is the units digit of u?
4
Let t = -106 - -110. Suppose 617 + 1737 = 5*f - t*m, -5*f + 2352 = -2*m. What is the tens digit of f?
7
Suppose 244*c + 245*c = 494*c - 67975. What is the thousands digit of c?
3
Suppose -75*g = -3*w - 79*g + 52676, -5*w + 87756 = 2*g. What is the hundreds digit of w?
5
Let p = 14065 + -11724. What is the hundreds digit of p?
3
Suppose -3*f - 59645 = -3*t + 42658, 2*f = -3*t + 102283. What is the thousands digit of t?
4
Suppose 4*j = l + 116369, 0 = 37*l - 34*l - 9. What is the thousands digit of j?
9
Suppose -2*x - 3*x = -g - 920, 0 = 3*g. Suppose 2*r - 328 = -5*t + 4*t, 2*r = t - 312. Let l = t - x. What is the tens digit of l?
3
Let p be 2*(-1 - 0/4) - -353. Let a = 87 + p. What is the units digit of a?
8
Let l(z) = 17*z**2 + 17*z + 7. Let w(u) = -26*u**2 - 10 + 17*u - 24*u - 19*u. Let k(x) = 8*l(x) + 5*w(x). What is the units digit of k(-5)?
6
Let w(b) = -5*b**3 + 35*b**2 + 188*b + 34. What is the hundreds digit of w(-20)?
2
Let z(r) = -32 + 13 + 5*r - r. Let o be z(6). Suppose 212 = 5*p - 3*b + 68, 0 = o*b - 10. What is the tens digit of p?
3
Suppose -42*n = -43*n + 5. Suppose 0 = 5*q - 5*l - 1175, -n*q + 3*q + 475 = -3*l. What is the tens digit of q?
3
Suppose -1795 = 87*a - 90*a + i, -4*a + 2380 = 2*i. What is the tens digit of a?
9
What is the hundreds digit of (-180)/40 - (-5 - (-88315)/(-10))?
8
Let h = 5621 + -3167. Suppose 5*t + 4*c - 1935 = 4134, h = 2*t - 5*c. What is the units digit of t?
7
Let n = 10 - 10. Let v be (-32)/(n + (-4)/2)*1. Suppose 2*x = 4*t + 24, -5*x - 3*t + 2*t + v = 0. What is the units digit of x?
4
Let d(t) = t**2 - 5*t - 3. Let g be d(7). Let r = g + 9. What is the tens digit of (-207)/(-6)*(-3)/((-18)/r)?
1
Let u(o) = -17*o - 4. Let a(s) = -36*s - 8. Let k(z) = 4*a(z) - 9*u(z). Suppose -2 = -2*c + 14. What is the tens digit of k(c)?
7
Suppose -317290 = -43*r + 71230 + 120041. What is the units digit of r?
7
Let i be 1*116/8*30. Suppose -i + 465 = 3*g. What is the tens digit of g?
1
Let g = -5317 + 16908. What is the thousands digit of g?
1
Let p = 8017 - 5609. What is the hundreds digit of p?
4
Suppose 12*r - 10811 = 38885 - 13624. What is the units digit of r?
6
Let g(l) = 2*l**3 - 19*l**2 + 42*l - 12. Let u(z) = z**3 - 10*z**2 + 20*z - 6. Let o(k) = 3*g(k) - 7*u(k). What is the tens digit of o(9)?
0
Suppose 5*k - 300 = -2*j + 4*j, 4*j - 20 = 0. Let i = -62 + k. Suppose 3*z - 434 = -4*w, i = 2*w + 2*z - 295 + 77. What is the units digit of w?
7
Let u(j) = 1042*j - 126. What is the thousands digit of u(8)?
8
Let h(y) = -y + 5. Let s be h(-3). Let d be (0 + s/(-6))*-3. What is the units digit of 102/d + (-12)/8?
4
Let u(w) = w**3 + 10*w**2 - 11. Suppose 4*q = 3*q - 9. What is the units digit of u(q)?
0
Let v = 71 - 69. Suppose -320 = -k - v*a + 6*a, 20 = -5*a. What is the hundreds digit of k?
3
Suppose l = -0*l + 3*n - 2, -n = 5*l - 22. Suppose 0 = 4*v - 5*s + 23, -2*v - 5*s + 12 = 1. What is the units digit of l/(8/(-227))*v?
7
Let f(q) = -q**2 + 11*q - 6. Let c be f(7). Let m = c + 42. Suppose -45*y + m = -41*y. What is the tens digit of y?
1
Let f(z) = -z**3 + 4*z**2. Let w be f(4). Suppose -5*h = -m + 52, -3*m + h + 86 = -w*h. Let q = 48 - m. What is the units digit of q?
1
Let w be (-105)/21 + (0 + 13)*1. What is the tens digit of (w - -2)*5784/60?
6
Let k be 2/(-10)*1997 + 8/20. Let q = k - -549. What is the hundreds digit of q?
1
What is the tens digit of -28 + 18 - (-1946 + -2)?
3
Let f = -5 - -7. Suppose -f*w = -5*v + 6 - 25, -w - 4*v - 10 = 0. Suppose t = w*x - 138, 0 = x - 3*x + 5*t + 122. What is the units digit of x?
1
Let q = -32 + 79. Suppose 2*w + 15 + 10 = -s, -4*w + s = q. What is the hundreds digit of (-1845)/w + (-10)/(-40)?
1
Suppose 0 = 4*t - 3*p + 6, 4*p - 2*p = -3*t + 4. Let r(h) = -2*h**2 - h + 409. What is the hundreds digit of r(t)?
4
Let i(y) = -39*y**3 - 200*y**2 - 3*y + 19. What is the ten thousands digit of i(-9)?
1
Let s(z) = -z**3 - 51*z + 3. What is the thousands digit of s(-16)?
4
Suppose 13 - 25 = -3*d. What is the tens digit of (23/d)/(7/280)?
3
Let q = -141 - -382. Suppose 707 = -5*r + 3*g, 5*r + 6*g - 4*g = -687. Let h = q + r. What is the tens digit of h?
0
Suppose 25*b = 29*b - 16. Suppose -4*s + 2*p + 4297 = -67, -b*s - 4*p + 4364 = 0. What is the units digit of s?
1
Suppose 0 = 2*j - 8, 3*p - 968 = j + 16308. Suppose -7984 - p = -16*w. What is the units digit of w?
9
Let b = 11554 - 5655. What is the hundreds digit of b?
8
Suppose 0 = -13*t + 3 + 62. Let r = 352 + t. What is the units digit of r?
7
Let w(f) = -f**3 - 6*f**2 - 2*f**2 + 11*f - 12*f + 2 - 3. Let j be w(-8). Suppose j = 4*q - 41. What is the tens digit of q?
1
Let g = 12 - 18. Let w(j) = -27*j**3 - 12*j**2 + 6. Let y(n) = -23*n**3 - 10*n**2 + n + 5. Let r(f) = 6*w(f) - 7*y(f). What is the tens digit of r(g)?
8
Suppose -3*h - 2*l = 51 - 5, 2*h + 2*l + 28 = 0. What is the hundreds digit of ((-105)/1)/(h/30)?
1
Suppose -3*h - 3 = -p, -2*h + 0*h = 4*p - 82. Let s = -1531 + 1531. Suppose i - p - 17 = s. What is the tens digit of i?
3
Let r(d) = 271*d - 1957. What is the units digit of r(20)?
3
Let f be 92/10 + (261/45 - 5). Suppose -f*w - w = -3685. What is the units digit of w?
5
Let r(f) = -f**3 + 16*f**2 - 22*f - 27. Let v be r(11). Let c = v - 162. What is the tens digit of c?
7
Suppose -5*u + 6 - 1 = 5*h, -3*h + 4*u = -10. Suppose -4 = h*a, 2*a - 698 = -4*f + a. Suppose -f = -20*s + 15*s. What is the tens digit of s?
3
Let m = -5423 + 9738. What is the hundreds digit of m?
3
Let h(t) = -10 + 7*t - 11*t - 5*t - 9*t. Suppose 5*s + 8 = -22. What is the tens digit of h(s)?
9
Suppose 9*h + 161 = -19. Let g be (16/h)/(2/135). What is the tens digit of (1*9)/((-6)/g)?
8
Suppose 0 = -5*w - 110 - 0. Let m = 35 - 59. Let o = w - m. What is the units digit of o?
2
Suppose -5*z + 185 = 1085. Suppose p + 208 = -p - o, 0 = 3*p + 5*o + 319. Let y = p - z. What is the tens digit of y?
7
Let g(v) = -19*v**3 - v**2 - 3*v - 3. Let s(l) = 10*l - 22. Let n be s(2). Let o be g(n). Suppose -599 = -6*p + o. What is the hundreds dig